379?
293, 5503
List the prime factors of 2757504.
2, 3, 43, 167
List the prime factors of 57894.
2, 3, 9649
List the prime factors of 33296.
2, 2081
What are the prime factors of 344791?
344791
List the prime factors of 259482.
2, 3, 59, 733
List the prime factors of 2168474.
2, 7, 11, 14081
List the prime factors of 17439.
3, 5813
List the prime factors of 27543.
3, 9181
List the prime factors of 1957479.
3, 652493
What are the prime factors of 368116?
2, 7, 13147
What are the prime factors of 75728?
2, 4733
What are the prime factors of 256350?
2, 3, 5, 1709
List the prime factors of 1121440.
2, 5, 43, 163
List the prime factors of 5315020.
2, 5, 293, 907
What are the prime factors of 546076?
2, 136519
List the prime factors of 1490337.
3, 43, 3851
List the prime factors of 842171.
11, 76561
What are the prime factors of 1539946?
2, 769973
What are the prime factors of 472325?
5, 7, 2699
What are the prime factors of 10803258?
2, 3, 103, 5827
List the prime factors of 637518.
2, 3, 7, 43, 353
List the prime factors of 713456.
2, 17, 43, 61
List the prime factors of 66370.
2, 5, 6637
What are the prime factors of 6135241?
7, 31, 577
List the prime factors of 45516.
2, 3, 3793
What are the prime factors of 3300139?
3300139
What are the prime factors of 31201350?
2, 3, 5, 208009
What are the prime factors of 116951?
107, 1093
What are the prime factors of 3815557?
3815557
What are the prime factors of 1857065?
5, 7, 97, 547
What are the prime factors of 234680?
2, 5, 5867
What are the prime factors of 1707711?
3, 569237
List the prime factors of 17564826.
2, 3, 601, 4871
What are the prime factors of 22261801?
22261801
List the prime factors of 142125.
3, 5, 379
List the prime factors of 655171.
11, 59561
What are the prime factors of 5069089?
31, 101, 1619
List the prime factors of 217265.
5, 19, 2287
What are the prime factors of 25297289?
25297289
List the prime factors of 6416441.
2131, 3011
What are the prime factors of 5411078?
2, 2705539
List the prime factors of 7583993.
29, 103, 2539
What are the prime factors of 14061734?
2, 167, 42101
List the prime factors of 10267508.
2, 29, 88513
List the prime factors of 315866.
2, 157933
What are the prime factors of 1006622?
2, 37, 61, 223
What are the prime factors of 18790855?
5, 463, 8117
List the prime factors of 10827048.
2, 3, 409, 1103
List the prime factors of 730707.
3, 373, 653
List the prime factors of 9416423.
9416423
What are the prime factors of 8209261?
8209261
What are the prime factors of 264409?
41, 6449
List the prime factors of 189976.
2, 23747
List the prime factors of 6541121.
79, 82799
List the prime factors of 475281.
3, 29, 607
List the prime factors of 15535266.
2, 3, 659, 3929
List the prime factors of 12113764.
2, 13, 29, 277
List the prime factors of 3735361.
7, 23, 23201
List the prime factors of 121477.
331, 367
List the prime factors of 1281968.
2, 19, 4217
What are the prime factors of 5797321?
5797321
What are the prime factors of 216839?
7, 30977
List the prime factors of 98014.
2, 7, 7001
What are the prime factors of 7287549?
3, 2429183
What are the prime factors of 9730776?
2, 3, 11, 29, 31, 41
What are the prime factors of 805395?
3, 5, 53693
What are the prime factors of 851850?
2, 3, 5, 631
What are the prime factors of 2113977?
3, 199, 3541
List the prime factors of 12024965.
5, 2404993
What are the prime factors of 30861?
3, 127
What are the prime factors of 2053415?
5, 7, 13, 4513
List the prime factors of 634821.
3, 11, 19237
List the prime factors of 207778.
2, 103889
List the prime factors of 1830827.
101, 18127
List the prime factors of 123592.
2, 7, 2207
List the prime factors of 632360.
2, 5, 15809
List the prime factors of 604410.
2, 3, 5, 20147
List the prime factors of 154811.
149, 1039
What are the prime factors of 8539598?
2, 1607, 2657
What are the prime factors of 130910?
2, 5, 13, 19, 53
What are the prime factors of 4097754?
2, 3, 227653
What are the prime factors of 1381208?
2, 41, 4211
What are the prime factors of 1849035?
3, 5, 123269
What are the prime factors of 927949?
11, 7669
What are the prime factors of 10765093?
43, 79, 3169
List the prime factors of 16236846.
2, 3, 902047
List the prime factors of 30426.
2, 3, 11, 461
List the prime factors of 4600705.
5, 29, 31729
List the prime factors of 113455.
5, 22691
List the prime factors of 2519423.
2519423
What are the prime factors of 935322?
2, 3, 155887
What are the prime factors of 5691725?
5, 13, 83, 211
List the prime factors of 154459.
154459
What are the prime factors of 11161257?
3, 1103, 3373
What are the prime factors of 2792594?
2, 7, 151, 1321
What are the prime factors of 1158684?
2, 3, 96557
List the prime factors of 863802.
2, 3, 37, 1297
List the prime factors of 12460.
2, 5, 7, 89
What are the prime factors of 1496150?
2, 5, 23, 1301
List the prime factors of 1719323.
29, 101, 587
List the prime factors of 334468.
2, 83617
List the prime factors of 584460.
2, 3, 5, 17, 191
What are the prime factors of 4098102?
2, 3, 61, 11197
List the prime factors of 137785.
5, 17, 1621
What are the prime factors of 499920?
2, 3, 5, 2083
List the prime factors of 980240.
2, 5, 12253
What are the prime factors of 9283121?
1789, 5189
What are the prime factors of 1863656?
2, 29, 277
List the prime factors of 1136455.
5, 37, 6143
What are the prime factors of 251032?
2, 31379
List the prime factors of 2589349.
7, 67, 5521
List the prime factors of 24312.
2, 3, 1013
List the prime factors of 320083.
320083
What are the prime factors of 43632?
2, 3, 101
What are the prime factors of 7232104?
2, 11, 82183
What are the prime factors of 372731?
41, 9091
What are the prime factors of 1034400?
2, 3, 5, 431
What are the prime factors of 134196?
2, 3, 53, 211
What are the prime factors of 20468691?
3, 367, 6197
What are the prime factors of 1084841?
23, 101, 467
List the prime factors of 898176.
2, 3, 2339
List the prime factors of 138514.
2, 69257
What are the prime factors of 59222?
2, 29611
List the prime factors of 9482072.
2, 23, 29, 1777
List the prime factors of 274066.
2, 13, 83, 127
What are the prime factors of 417311?
417311
What are the prime factors of 11964643?
181, 66103
List the prime factors of 12844303.
29, 181, 2447
What are the prime factors of 12427989?
3, 7, 43, 13763
What are the prime factors of 8865991?
8865991
What are the prime factors of 2916527?
2916527
What are the prime factors of 51471?
3, 7, 19, 43
List the prime factors of 298181.
13, 22937
List the prime factors of 224549.
13, 23, 751
List the prime factors of 257171.
257171
List the prime factors of 1171782.
2, 3, 65099
List the prime factors of 45193.
43, 1051
List the prime factors of 12958922.
2, 6479461
What are the prime factors of 9288011?
229, 40559
What are the prime factors of 1255479?
3, 418493
What are the prime factors of 11342109?
3, 79, 47857
List the prime factors of 240795.
3, 5, 5351
List the prime factors of 4767047.
2131, 2237
What are the prime factors of 75947?
173, 439
What are the prime factors of 231305?
5, 46261
What are the prime factors of 1457719?
67, 21757
List the prime factors of 70551.
3, 13, 67
List the prime factors of 4431846.
2, 3, 167, 4423
What are the prime factors of 1039235?
5, 207847
List the prime factors of 59307.
3, 53, 373
What are the prime factors of 8043186?
2, 3, 179, 7489
What are the prime factors of 2047067?
11, 186097
List the prime factors of 2579993.
13, 198461
List the prime factors of 145194.
2, 3, 7, 3457
List the prime factors of 10849296.
2, 3, 226027
What are the prime factors of 13207013?
379, 34847
What are the prime factors of 13607?
11, 1237
List the prime factors of 6206766.
2, 3, 1034461
What are the prime factors of 6694089?
3, 317, 7039
List the prime factors of 1273357.
331, 3847
What are the prime factors of 424578?
2, 3, 7, 11, 919
What are the prime factors of 3350636?
2, 837659
List the prime factors of 8511242.
2, 23, 185027
List the prime factors of 574769.
13, 19, 179
What are the prime factors of 1298751?
3, 47, 61, 151
List the prime factors of 1348013.
1348013
List the prime factors of 1869122.
2, 934561
What are the prime factors of 104919?
3, 41, 853
What are the prime factors of 6243035?
5, 431, 2897
What are the pri